6. Let x be u(6). Suppose -x*g = -g - 345. What is the tens digit of g?
6
Let j(k) = 4*k**2 - k + 1 - k + k**2. Let i(d) = -d**3 - 10*d**2 - 10*d - 11. Let f be i(-9). What is the tens digit of j(f)?
2
Let p = 330 + -859. Let j = -350 - p. What is the hundreds digit of j?
1
Let i = -46 + 84. Let s = -8 - -11. Suppose -r = -s*r + i. What is the tens digit of r?
1
Let f = 5547 + -3655. What is the tens digit of f?
9
Let s = -135 + 62. Let f = 116 + s. What is the units digit of f?
3
Suppose 5*l + 51 = 4*d - 31, 0 = d - 3*l - 17. Let s = d - 15. Suppose -2*f + 48 = -s. What is the units digit of f?
8
Suppose -i + 23 = 30. Let f(p) = 2*p**2 - 12*p - 9. What is the tens digit of f(i)?
7
Let f be -2*(2 - (7 + -3)). Suppose 12 = 5*r - f*r. Let l = -6 + r. What is the units digit of l?
6
Let r be (-5)/5 + -1 + 2. Suppose r = -5*y + 111 - 21. What is the tens digit of y?
1
Suppose o + 5 = -5*d, -4*o + 2*d - 61 = -19. Let k = 10 + o. Suppose k*q = -q + 4. What is the units digit of q?
4
Let u = -11 + 16. Suppose 0 = -u*z + z + 4. What is the units digit of 3/3 - z - -30?
0
Let v = 1106 - 757. What is the tens digit of v?
4
Let v be -4*-2*138/16. Let x = -128 - -87. Let w = x + v. What is the tens digit of w?
2
Let h(f) = f**2 - 7*f - 1. Let b be h(7). Let z be b*(-2 + 0 - 23). Suppose i + 0*i = d + 18, 0 = -5*d + z. What is the tens digit of i?
2
Let u(o) = 2*o**2 + 3*o. Let t be u(3). What is the tens digit of ((-4)/6 - 2601/t)/(-1)?
9
Let h be -3*(-2 + 4/(-12)). Suppose h + 5 = 2*d. Suppose m - 2*f - 29 = 0, -2*m + 12 = 4*f - d. What is the units digit of m?
9
Suppose 3*k + z = -2*k + 13, 3*z = k - 9. Suppose -k*j = 4*m - 757, 5*j = 3*m + 1958 - 648. What is the tens digit of j?
5
Suppose 9 = 14*a - 13*a. Suppose -64 = a*j - 11*j. Let y = j + 45. What is the tens digit of y?
7
Suppose 5*z + m - 32 = 3*m, 3*z - 3*m - 12 = 0. Suppose -42*b + 39*b = 3. What is the units digit of (14/b)/(z/(-20))?
5
Let k = 9355 + -6495. What is the thousands digit of k?
2
Suppose 0 = -0*h + h + 2. Let i(g) = 23*g + 2. Let s be i(1). Let p = s + h. What is the tens digit of p?
2
Let o(w) = 9*w**2 + w - 1. Let z be o(-2). Suppose 0 = -4*k + k + z. What is the tens digit of k?
1
Let v(p) = p**3 - 34*p**2 - 29*p - 52. What is the units digit of v(35)?
8
Suppose -100 = -8*v + 228. Suppose 0 = l - 4 - v. What is the units digit of l?
5
Let b(k) be the second derivative of k**5/20 + k**4/2 - k**3/6 - 3*k**2/2 + 3*k. Let f be (-14)/3 - (20/15)/4. What is the units digit of b(f)?
7
Let n(r) = -75*r. What is the hundreds digit of n(-4)?
3
Let r(s) = -s**2 + s + 15. Let q be r(4). Suppose -4*w + 6*w + q*k = 142, 0 = -3*w + 2*k + 187. What is the tens digit of w?
6
Suppose 0 = -126*s + 86*s + 7240. What is the hundreds digit of s?
1
Let d(m) = 7*m**3 - 6*m**3 - 3*m - 5 + 7*m**2 - 2*m**3 + 0*m**2. What is the tens digit of d(6)?
1
Let t = 32 - 21. Let x = t - -45. What is the units digit of x?
6
Let n(c) = -c**3 - 13*c**2 - 24*c + 87. What is the units digit of n(-10)?
7
Let z = -8 + 12. Suppose -k = -2*s - 31, z*k - 5*s + 0*s = 139. What is the units digit of k?
1
Suppose 15*i - 6411 = 7269. What is the tens digit of i?
1
Suppose 69*l - 16389 = 60*l. What is the thousands digit of l?
1
Suppose -32 = 4*b + 12. Let v be ((-33)/2)/(3/4). Let g = b - v. What is the units digit of g?
1
Let t be (244 + -7 + 3)*2/5. Suppose 4*r - t = 5*c + 489, -3*c = -4*r + 591. What is the hundreds digit of r?
1
Suppose 2*b - 3*r = -9, -17 - 13 = -5*b - 3*r. Suppose -178 = -b*g + 3*d - 2*d, d + 238 = 4*g. What is the units digit of g?
0
Let z = -11 + 6. Suppose 6*o = 136 + 32. Let p = z + o. What is the units digit of p?
3
Let c = 5733 + -3293. What is the hundreds digit of c?
4
Let y(i) = 24*i + 2. Let a be y(-2). Let n = a + 109. What is the tens digit of n?
6
Suppose w - 41 + 39 = 0. What is the units digit of (-7)/((-210)/5748) - w/(-5)?
2
Let p = -5 + 6. What is the tens digit of (57/6)/p*6?
5
Let b = -2186 + 3549. What is the thousands digit of b?
1
Suppose v - 8*v = 259. Let n = v - -64. What is the units digit of n?
7
Let o(i) = -454*i + 153. What is the tens digit of o(-3)?
1
Suppose 0 = -5*j + 4*q + 2921, 3*q = 3*j - 0*q - 1755. What is the units digit of j?
1
Suppose 0 = -4*q - 2*n + 85 + 111, -n = q - 48. What is the units digit of q?
0
Suppose 8*p + 6*p = 8022. What is the tens digit of p?
7
Let h(f) = -f**2 + 17*f + 19. Let z be h(14). Suppose 3*b + o = b + z, 4*b + 3*o = 119. What is the units digit of b?
2
What is the hundreds digit of 1351 - (-5)/(6/2 + -4)?
3
Let s(i) = i**3 + 2*i**2 + 2*i - 1. Let w be s(-2). Let c(d) = -d**2 - 9*d. Let q be c(w). Suppose 0 = 3*l - 2*l - q. What is the units digit of l?
0
Suppose -3*i = -322 - 125. What is the tens digit of i?
4
Suppose 5*v - 2*m - 13321 = m, -5*v + 4*m + 13318 = 0. What is the hundreds digit of v?
6
What is the units digit of -2 + 0 + (386 - -4)?
8
Suppose -5*h + 2*f + 2285 = 0, 2*f + 252 + 1574 = 4*h. What is the hundreds digit of h?
4
Let k be (516/48)/(1/12). Suppose 3*j + j = 5*t + 120, -k = -5*j + t. Suppose -g + 0*g = -j. What is the tens digit of g?
2
Let r = -91 + 85. Suppose -5*x - 13 = -4*v, 4*v = 3*v - 3*x - 18. What is the units digit of r/v + (-1 - -5)?
6
Let f(l) = l**3 - 13*l**2 - 12*l + 1. Let p be f(15). Suppose 49 = 5*i - p. Let n = i - 34. What is the tens digit of n?
3
Let d = -26 - -28. Suppose -d*j - 4*h + 58 = -0*h, -4*h - 57 = -3*j. What is the units digit of j?
3
Let m be (-732)/(-9) + (-1)/3. Suppose m = -3*b - 0*b. Let d = 0 - b. What is the units digit of d?
7
Suppose 5*u + 4*u = 387. What is the tens digit of u - (-1 - (-1 + -4))?
3
Suppose -2*z - 2*z = 5*v - 535, -z - 5 = 0. What is the hundreds digit of v?
1
Let m(l) = -l**3 - 39*l**2 - 25*l - 22. What is the thousands digit of m(-40)?
2
Suppose 6 = 2*p - w - w, 4*p - 26 = -3*w. Let m be 3/5 + 387/p. Suppose 0 = 3*f - 0 - m. What is the units digit of f?
6
Suppose -2 = 3*j - 8, -38 = 2*s + j. What is the tens digit of (66/15)/((-1)/s)?
8
Let s(y) = -y**3 - 7*y**2 + 6*y + 20. Let a be s(-8). Let h = a + 21. What is the units digit of h?
7
Let r(j) = 2978*j - 7. What is the units digit of r(1)?
1
Let f be ((-2)/5)/(-2) + (-5667)/(-15). Suppose 2*u - 3*t = -6*t + 374, 2*u = -t + f. What is the hundreds digit of u?
1
Let z = 3 + 2. Suppose -4*g + 5*n = -5*g + 187, -z*n + 541 = 3*g. What is the tens digit of g?
7
Let n(i) = -2*i**2 + 0*i**2 + 0*i**2 + 4 - 102*i**3 + 89*i**3. What is the units digit of n(-2)?
0
Suppose -2*n + 5*z = -4*n - 788, 2*n - 3*z + 788 = 0. Let x = -171 - n. What is the units digit of x?
3
Let k be 682/14 - 34/(-119). Let l = k - -22. What is the units digit of l?
1
Let r = 406 - 275. What is the tens digit of r?
3
Let v be ((-6)/5)/3 - 19439/(-35). Suppose -3*c = 4*n - v, -2*n = -0*c - 3*c - 273. What is the units digit of n?
8
Suppose -384*t = -391*t + 21525. What is the tens digit of t?
7
Let r be 51/(-85) + 23/5. Suppose -s = r*t - 52, s = 6*s - t - 239. What is the units digit of s?
8
Let r(d) be the second derivative of 5*d**3/3 - 21*d**2/2 - 11*d. What is the units digit of r(11)?
9
What is the thousands digit of (-3)/(-21) - 179861/(-77)?
2
Let m = 6 - 1. Let y be 12/30 - 2/m. Suppose z + 2*l = -z - 4, y = 5*z - 5*l - 30. What is the units digit of z?
2
Suppose 1313 = -4*s + 5681. What is the tens digit of s?
9
Suppose 3*q + 5*h = 179, 14*q + 5*h = 15*q - 53. What is the tens digit of q?
5
Suppose -5*g - 4*s = 300, 4*s = 5*s. Let z = 137 - g. What is the hundreds digit of z?
1
Suppose 0 = 4*k - 2*w - 2794, 2*k + 2*w + 2096 = 5*k. What is the hundreds digit of k?
6
Suppose -14*r - 5510 = -4*r. Let p = r - -776. What is the tens digit of p?
2
Suppose 5*i - 3*l = 14, -4*l = i - 19 + 7. Suppose -2*c = -0*c - i. Let s(w) = 2*w**3 + w**2 - 3*w - 1. What is the units digit of s(c)?
3
Let k = -2090 + 4100. What is the tens digit of k?
1
Let v be (-1 - -4)/3 + -8. Let h(i) = 2*i**2 + 9*i + 9. Let o be h(v). Let k = o + -23. What is the tens digit of k?
2
Suppose -4*a = -2*a - 4*s - 20, 29 = 5*a - 3*s. Suppose -249 = -a*w + 111. What is the units digit of w?
0
Let q(f) = 1699*f**2 + 28*f - 28. What is the tens digit of q(1)?
9
Let x(y) = -y**3 + 3*y**2 + 2*y + 4. Suppose -5*q = -q - 16. Let o be x(q). What is the tens digit of o/3*15